9852))?
6
What is the thousands digit of (330/15)/(20/31610)?
4
Suppose -15*n = q - 20*n - 4515, 0 = n - 6. What is the hundreds digit of q?
5
Suppose 4*b + 64134 = 5*v, 25*v - 24*v = -2*b + 12824. What is the thousands digit of v?
2
Suppose 2*k = 3*y + 94183, -11 - 9 = -4*y. What is the units digit of k?
9
Let k(u) = 784*u + 5229. What is the tens digit of k(0)?
2
Let g = -34899 - -68380. What is the thousands digit of g?
3
Let m = -19501 - -33120. What is the thousands digit of m?
3
Suppose 26*k - 5*q - 3763 = 24*k, k = 2*q + 1880. What is the units digit of k?
4
Let m(f) = 32*f**2 - 3*f - 3. Let y be (-2)/(10/4*8/(-50)). Suppose 0 = 2*x - y*h + 10 + 4, 5*x = -h - 8. What is the tens digit of m(x)?
3
Suppose 0 = 25*k - 32887 - 12663. Let t = -913 + k. What is the units digit of t?
9
Suppose u + 141022 = 6*d + 44506, u = 2*d - 32176. What is the ten thousands digit of d?
1
Let o(l) = 24*l**2 - 4*l + 3. Let u be o(-11). What is the hundreds digit of u/4 - (-24)/96?
7
Let s = 3383 + 16637. What is the thousands digit of s?
0
What is the tens digit of (204/(-28) - -3)/((-127)/1641983)?
1
Suppose 2*f = 3*f. Let q(l) = l**3 + l - 4. Let z be q(f). Let h(c) = 7*c**2 - 2*c - 9. What is the units digit of h(z)?
1
Let a = -6 - -8. Suppose -5*g + 1812 = -3*d + d, 2*g + 2*d = 736. Suppose t + 3*n + a*n = 67, -5*t = -4*n - g. What is the units digit of t?
2
Suppose 7*c - 2*c = 5*p + 20, 0 = p - 4*c + 16. Suppose p = -5*g - 3*g + 3192. Let v = -173 + g. What is the tens digit of v?
2
Let p(n) = -3*n**3 + 12*n**2 + 9*n - 9. Let u be p(11). Let j = -28 + 18. What is the units digit of (-2)/j + u/(-95)?
6
Suppose 0 = 5*p - 10, 6*j - 11*j - 4*p = 17. Let z = 8 - -31. Let r = z - j. What is the units digit of r?
4
Let l(r) = -r**3 - 8*r**2 + 4*r + 28. Let s be l(-13). Let w = -260 + s. What is the hundreds digit of w?
5
Suppose -5*x + 4*w + 955 = 0, 571 = 3*x - 3*w + w. Suppose 5*g - 2*q + 458 = 0, 2*g = -g - 4*q - 254. Let s = x + g. What is the units digit of s?
7
What is the thousands digit of -1*(0/4 - -6) - -18765?
8
Let c be 1/(-9*(-5)/10 + -4). Suppose 0*p = 5*p, -2*f + c*p = -738. What is the tens digit of f?
6
Let f(s) = 4*s + 54. Let j = 137 - 147. Let r be -4*6/15*j. What is the tens digit of f(r)?
1
Let k(g) = 8*g**2 + g - 21. Let t be k(4). Suppose 8*q - t = 17. Let z(o) = 3*o + 34. What is the units digit of z(q)?
2
Let c(l) = -5169*l + 245. What is the tens digit of c(-15)?
8
Suppose -5*a + 3*m + 30388 = 0, -10179 + 40599 = 5*a + 5*m. What is the hundreds digit of a?
0
Suppose -7*n - 83 = 64. Let w(x) = -43*x - 120. What is the units digit of w(n)?
3
Let f(s) = 2*s**2 + 5*s + 5. Let y be f(-5). Suppose y*a - 24225 = 11*a. What is the tens digit of a?
7
Let q(z) = 4*z**2 - 64*z + 807. What is the units digit of q(74)?
5
Suppose -w - 9376 = -2*w - 2*t, 0 = -9*w + t + 84365. What is the tens digit of w?
7
Suppose 0 = -34*g + 102*g + 129483 - 739783. What is the hundreds digit of g?
9
Let y = -38 + 45. Suppose 2*o + b = -3*o + 13, o - 3*b + y = 0. Suppose -145 = -o*i - 2*n + 3*n, 281 = 4*i + n. What is the tens digit of i?
7
Suppose -5*f + 301 - 11 = 0. Let d = 1292 - 1261. Let s = f + d. What is the tens digit of s?
8
Let v(m) = 390*m**2 - 23*m - 37. What is the hundreds digit of v(-2)?
5
Suppose n + 12 = 14. Suppose 6*j = 5*j + n. Suppose -j*x + 180 = 5*p - 7*x, -x = -3*p + 102. What is the units digit of p?
3
Let x(i) = 27*i**2 - 36*i + 187. What is the thousands digit of x(16)?
6
Suppose 2*y - 1868 = 3*o - 5102, -1070 = -o - 2*y. Let i = -14 - -18. Suppose -i*k + o - 308 = 0. What is the hundreds digit of k?
1
Let y = -8712 - -13042. What is the hundreds digit of y?
3
Let l be (-6)/(-9)*(19/2 + -2). Suppose 3*u + l*u = 632. What is the tens digit of u?
7
Let d = 277 - -377. Let i = 1614 - d. What is the units digit of i?
0
Let o be (-3)/6 - 174/12. Let p(b) = -16*b + 19. What is the units digit of p(o)?
9
Suppose 0 = -4*d + 9 - 1, 5*h + 2*d + 1106 = 0. What is the units digit of (-169867)/h - 2/12?
5
Let c(w) = 23*w + 107. Suppose -21*y + 6*y - 60 = 0. What is the tens digit of c(y)?
1
What is the tens digit of (-414)/69 + ((-284)/(-5))/(2/20)?
6
Let w = -1643 + 2462. What is the tens digit of w?
1
Let o(r) = 8*r**2 - 3*r + 2. Suppose a + 6*u = u + 14, -5*a - u = -22. What is the units digit of o(a)?
8
Suppose -18317 = -2833*i + 2820*i. What is the hundreds digit of i?
4
Let q = -47 - -52. What is the hundreds digit of (-5)/1 + q + 0 + 162?
1
Suppose 196527 = -55*a + 270865 + 359502. What is the units digit of a?
8
Suppose -4*r = 8, 2*s = -5*r + 7*r - 206. Let w = s + 360. What is the units digit of w?
5
Let z(l) = l - 4. Let v be z(-1). Let b = v - -8. Suppose b*u + 3*u = 12. What is the units digit of u?
2
Let q = -7344 + 10441. What is the hundreds digit of q?
0
Let z be 6 - 0 - -1 - -7. Let r(t) = 12*t + 3. What is the tens digit of r(z)?
7
Let m(b) = 29*b - 331. Let o(n) = 12*n - 165. Let r(l) = 4*m(l) - 7*o(l). What is the units digit of r(11)?
3
What is the thousands digit of 16385 + (-20)/((-260)/(-91))?
6
Suppose 58*i - 2675376 + 1086176 = 0. What is the thousands digit of i?
7
Let t(x) = 13*x**2 - 4*x + 7. Let g be 2/(10/(-6) - -2). What is the units digit of t(g)?
1
Suppose -322 - 692 = -3*k. Suppose k*q = 344*q - 1446. What is the tens digit of q?
4
Let q be 5/2*(-2 - (-126)/45). Suppose -j - 985 = -q*t, 0 = 5*j - 6*j - 3. What is the hundreds digit of t?
4
Let g = 326 - -57. Suppose 0 = 386*n - g*n - 3384. What is the tens digit of n?
2
Suppose -106430 = 17*b - 333924. What is the units digit of b?
2
Suppose -90543 - 271951 = -11*z. What is the thousands digit of z?
2
Suppose k + 8 = m, -9 = 4*k + 3. Suppose -m*w + 3*w + 10 = 0, 10 = -3*f + 5*w. Suppose -f*u = -q - 597, -2*u - q = -6*q - 248. What is the hundreds digit of u?
1
Let x = -29 + 11. Let a be (-122)/(-18) + (-4)/x. What is the tens digit of (20 - a) + -1 + -2?
1
Suppose 6*h + l + 59127 = 9*h, 0 = -5*h - 4*l + 98511. What is the hundreds digit of h?
7
Let g(r) = r**3 - 4*r**2 - r - 1. Let v be g(4). Let j(o) = 82*o**2 + o - 21*o**2 + 5 - 31*o**2 - 24*o**2. What is the hundreds digit of j(v)?
1
Suppose 4*s - 42012 = h, 14*s - 16*s + 20984 = 5*h. What is the ten thousands digit of s?
1
Let s(j) = -6*j - 34*j + 14*j - 18*j. Let p be s(-3). Let n = -66 + p. What is the tens digit of n?
6
What is the hundreds digit of (17540 + -112)*((-18)/(-8) + 1*-1)?
7
Let b(r) = 6*r**2 + 86*r - 1024. What is the units digit of b(-44)?
8
Let r = 32 - -43. Suppose r*h = 74*h + 271. What is the tens digit of h?
7
Suppose -223*g + 6915876 = 140*g. What is the ten thousands digit of g?
1
What is the hundreds digit of 57406/((-19)/(-19))*1?
4
Suppose -3*m + 2*y = -190, 88 + 233 = 5*m + y. Suppose 8 = 2*q, -35*t + 36*t - m = 4*q. What is the units digit of t?
0
Let s(k) = 1599*k - 2109. What is the tens digit of s(39)?
5
Let q = 30220 + -4292. What is the tens digit of q?
2
Let z(b) = 6*b + 9. Let h be z(-1). Suppose -h*r = -3*o + 1850 - 125, 4*o - r - 2291 = 0. What is the hundreds digit of o?
5
Let s(p) = 0*p**2 + 15*p + 10 - 1 + p**2 + 18. Let k be s(-17). Let r = k - 29. What is the units digit of r?
2
Let w(i) = 3*i**2 - 9*i**3 - 2*i**2 - 17*i**3 + 27*i**3 + 227. What is the hundreds digit of w(0)?
2
Let y be 6/(-39) - 1452/26. Let w = y - -121. Suppose 2*q - 14*m + 10*m - 44 = 0, -5*q = -m - w. What is the tens digit of q?
1
Let d(i) = i**3 + 10*i**2 - i - 24. Let q be d(-10). What is the units digit of 184/q*-14*3/12?
6
Suppose 2253946 = 69*b + 97972. What is the hundreds digit of b?
2
What is the units digit of (384/56)/(-2 - (-11280)/5628)?
8
Let c(n) = 8*n**2 - 211*n + 3611. What is the hundreds digit of c(95)?
7
Suppose 5*x - 245 = 390. Let n = x + 360. What is the hundreds digit of n?
4
Let a(l) = 13873*l - 22568. What is the thousands digit of a(6)?
0
Let l(g) = 9*g**3 - g**2 + 6*g + 4. Let m be ((-5)/(-45)*3)/(1/15). Suppose -17 + 3 = -3*w - m*p, 4*p = 4. What is the units digit of l(w)?
6
Let u(h) = -125*h - 159. Suppose 5*d - 3*b + 32 = 0, 0 = 6*b - 5*b + 1. What is the hundreds digit of u(d)?
7
Let t(a) = 5*a**2 - 3*a - 43. Let w be ((-8)/(-16))/(2/8) + -17. What is the thousands digit of t(w)?
1
Let w(n) = -2*n + 16. Suppose -2*j + 18 + 32 = 0. Suppose 4*a + 3 + 17 = -t, -2*